{"id":531,"date":"2022-04-04T21:39:38","date_gmt":"2022-04-04T21:39:38","guid":{"rendered":"http:\/\/ambiwalencja.pl\/blog\/?page_id=531"},"modified":"2022-04-07T17:06:30","modified_gmt":"2022-04-07T17:06:30","slug":"blog","status":"publish","type":"page","link":"http:\/\/ambiwalencja.pl\/blog\/blog\/","title":{"rendered":"Blog"},"content":{"rendered":"<p><br>\n<!--StartFragment--><\/p>\n\n\n<p>Jak to m\u00f3wi\u0105: &#8222;nie sam\u0105 prac\u0105 cz\u0142owiek \u017cyje&#8221;. Mimo i\u017c moja praca jest zarazem moj\u0105 pasj\u0105, s\u0105 te\u017c inne aktywno\u015bci, kt\u00f3re mnie porywaj\u0105. Jedn\u0105 z nich jest w\u0142a\u015bnie pisanie.<\/p>\n\n\n\n<p>Dlatego te\u017c \u0142\u0105cz\u0105c przyjemne z po\u017cytecznym, prowadz\u0119 bloga oko\u0142oterapeutycznego: <a href=\"ambiwalencja.pl\">ambiwalencja.pl<\/a>, na kt\u00f3rym mi\u0119dzy innymi recenzuj\u0119 ksi\u0105\u017cki zwi\u0105zane z psychoterapi\u0105 i psychologi\u0105. Pisz\u0119 zar\u00f3wno o rzeczach przydatnych ludziom \u201ez bran\u017cy\u201d, ale te\u017c u\u017cytecznych pacjentkom i pacjentom, wplataj\u0105c w tre\u015bci w\u0105tki psychoedukacyjne. <br><\/p>\n\n\n\n<figure class=\"wp-block-image\"><img loading=\"lazy\" width=\"1024\" height=\"1024\" src=\"http:\/\/ambiwalencja.pl\/blog\/wp-content\/uploads\/2022\/04\/blog-1024x1024.jpg\" alt=\"\" class=\"wp-image-545\" srcset=\"http:\/\/ambiwalencja.pl\/blog\/wp-content\/uploads\/2022\/04\/blog-1024x1024.jpg 1024w, http:\/\/ambiwalencja.pl\/blog\/wp-content\/uploads\/2022\/04\/blog-150x150.jpg 150w, http:\/\/ambiwalencja.pl\/blog\/wp-content\/uploads\/2022\/04\/blog-300x300.jpg 300w, http:\/\/ambiwalencja.pl\/blog\/wp-content\/uploads\/2022\/04\/blog-768x768.jpg 768w, http:\/\/ambiwalencja.pl\/blog\/wp-content\/uploads\/2022\/04\/blog.jpg 1080w\" sizes=\"(max-width: 1024px) 100vw, 1024px\" \/><\/figure>\n\n\n<p><!--EndFragment--><br>\n<br>\n<\/p>","protected":false},"excerpt":{"rendered":"<p>Jak to m\u00f3wi\u0105: &#8222;nie sam\u0105 prac\u0105 cz\u0142owiek \u017cyje&#8221;. Mimo i\u017c moja praca jest zarazem moj\u0105 pasj\u0105, s\u0105 te\u017c inne aktywno\u015bci, kt\u00f3re mnie porywaj\u0105. Jedn\u0105 z nich jest w\u0142a\u015bnie pisanie. Dlatego te\u017c \u0142\u0105cz\u0105c przyjemne z po\u017cytecznym, prowadz\u0119 bloga oko\u0142oterapeutycznego: ambiwalencja.pl, na&#8230;<\/p>\n","protected":false},"author":1,"featured_media":545,"parent":0,"menu_order":0,"comment_status":"closed","ping_status":"closed","template":"","meta":[],"_links":{"self":[{"href":"http:\/\/ambiwalencja.pl\/blog\/wp-json\/wp\/v2\/pages\/531"}],"collection":[{"href":"http:\/\/ambiwalencja.pl\/blog\/wp-json\/wp\/v2\/pages"}],"about":[{"href":"http:\/\/ambiwalencja.pl\/blog\/wp-json\/wp\/v2\/types\/page"}],"author":[{"embeddable":true,"href":"http:\/\/ambiwalencja.pl\/blog\/wp-json\/wp\/v2\/users\/1"}],"replies":[{"embeddable":true,"href":"http:\/\/ambiwalencja.pl\/blog\/wp-json\/wp\/v2\/comments?post=531"}],"version-history":[{"count":2,"href":"http:\/\/ambiwalencja.pl\/blog\/wp-json\/wp\/v2\/pages\/531\/revisions"}],"predecessor-version":[{"id":588,"href":"http:\/\/ambiwalencja.pl\/blog\/wp-json\/wp\/v2\/pages\/531\/revisions\/588"}],"wp:featuredmedia":[{"embeddable":true,"href":"http:\/\/ambiwalencja.pl\/blog\/wp-json\/wp\/v2\/media\/545"}],"wp:attachment":[{"href":"http:\/\/ambiwalencja.pl\/blog\/wp-json\/wp\/v2\/media?parent=531"}],"curies":[{"name":"wp","href":"https:\/\/api.w.org\/{rel}","templated":true}]}}

<p><br>
<!--StartFragment--></p>


<p>Jak to mówią: &#8222;nie samą pracą człowiek żyje&#8221;. Mimo iż moja praca jest zarazem moją pasją, są też inne aktywności, które mnie porywają. Jedną z nich jest właśnie pisanie.</p>



<p>Dlatego też łącząc przyjemne z pożytecznym, prowadzę bloga okołoterapeutycznego: <a href="ambiwalencja.pl">ambiwalencja.pl</a>, na którym między innymi recenzuję książki związane z psychoterapią i psychologią. Piszę zarówno o rzeczach przydatnych ludziom „z branży”, ale też użytecznych pacjentkom i pacjentom, wplatając w treści wątki psychoedukacyjne. <br></p>



<figure class="wp-block-image"><img loading="lazy" width="1024" height="1024" src="http://ambiwalencja.pl/blog/wp-content/uploads/2022/04/blog-1024x1024.jpg" alt="" class="wp-image-545" srcset="http://ambiwalencja.pl/blog/wp-content/uploads/2022/04/blog-1024x1024.jpg 1024w, http://ambiwalencja.pl/blog/wp-content/uploads/2022/04/blog-150x150.jpg 150w, http://ambiwalencja.pl/blog/wp-content/uploads/2022/04/blog-300x300.jpg 300w, http://ambiwalencja.pl/blog/wp-content/uploads/2022/04/blog-768x768.jpg 768w, http://ambiwalencja.pl/blog/wp-content/uploads/2022/04/blog.jpg 1080w" sizes="(max-width: 1024px) 100vw, 1024px" /></figure>


<p><!--EndFragment--><br>
<br>
</p>

<p>Jak to mówią: &#8222;nie samą pracą człowiek żyje&#8221;. Mimo iż moja praca jest zarazem moją pasją, są też inne aktywności, które mnie porywają. Jedną z nich jest właśnie pisanie. Dlatego też łącząc przyjemne z pożytecznym, prowadzę bloga okołoterapeutycznego: ambiwalencja.pl, na&#8230;</p>
