{"id":534,"date":"2022-04-04T21:42:08","date_gmt":"2022-04-04T21:42:08","guid":{"rendered":"http:\/\/ambiwalencja.pl\/blog\/?page_id=534"},"modified":"2024-09-14T21:59:20","modified_gmt":"2024-09-14T21:59:20","slug":"o-mnie","status":"publish","type":"page","link":"http:\/\/ambiwalencja.pl\/blog\/o-mnie\/","title":{"rendered":"O mnie"},"content":{"rendered":"<p>\n<!--StartFragment--><\/p>\n\n\n<p>Nazywam si\u0119 Agnieszka Pilecka i&#8230;<\/p>\n\n\n\n<figure class=\"wp-block-image\"><img loading=\"lazy\" width=\"1024\" height=\"768\" src=\"http:\/\/ambiwalencja.pl\/blog\/wp-content\/uploads\/2022\/04\/61539154_2625532630807876_3988208469588049920_n-1024x768.jpg\" alt=\"\" class=\"wp-image-551\" srcset=\"http:\/\/ambiwalencja.pl\/blog\/wp-content\/uploads\/2022\/04\/61539154_2625532630807876_3988208469588049920_n-1024x768.jpg 1024w, http:\/\/ambiwalencja.pl\/blog\/wp-content\/uploads\/2022\/04\/61539154_2625532630807876_3988208469588049920_n-300x225.jpg 300w, http:\/\/ambiwalencja.pl\/blog\/wp-content\/uploads\/2022\/04\/61539154_2625532630807876_3988208469588049920_n-768x576.jpg 768w, http:\/\/ambiwalencja.pl\/blog\/wp-content\/uploads\/2022\/04\/61539154_2625532630807876_3988208469588049920_n.jpg 1440w\" sizes=\"(max-width: 1024px) 100vw, 1024px\" \/><\/figure>\n\n\n\n<p>&#8230;z wykszta\u0142cenia jestem magistr\u0105 pedagogiki resocjalizacyjnej, certyfikowan\u0105 specjalistk\u0105 psychoterapii uzale\u017cnie\u0144 i psychoterapeutk\u0105 w nurcie integracyjnym w trakcie szkolenia. Moje kwalifikacje potwierdzone s\u0105 stosownymi dokumentami oraz podparte praktyk\u0105 zawodow\u0105. Regularnie korzystam z superwizji.<\/p>\n\n\n\n<p>Pracuj\u0119 jako <strong>psychoterapeutka z osobami uzale\u017cnionymi od substancji<\/strong><br><strong>i\/ lub behawioralnie, a tak\u017ce z ich bliskimi<\/strong>. Od 2016 roku jestem zwi\u0105zana z O\u015brodkiem Profilaktyki i Terapii Uzale\u017cnie\u0144 w Gdyni. Na przestrzeni lat do\u015bwiadczenie zawodowe zdobywa\u0142am tak\u017ce przy okazji praktyk na oddziale terapii uzale\u017cnienia od alkoholu w Wojew\u00f3dzkim Szpitalu Psychiatrycznym im. prof. Tadeusza Bilikiewicza w Gda\u0144sku, na sta\u017cach klinicznych w Centrum Leczenia Uzale\u017cnie\u0144 &#8222;FAMILIA&#8221; w Gliwicach i M\u0142odzie\u017cowym O\u015brodku Terapeutycznym &#8222;Mrowisko&#8221; w Sopocie. Pracowa\u0142am tak\u017ce w Monarze &#8211; O\u015brodku Leczenia, Terapii i Rehabilitacji Uzale\u017cnie\u0144 dla Dzieci i M\u0142odzie\u017cy w Gda\u0144sku. <\/p>\n\n\n\n<p>Moja praca jest tak\u017ce moj\u0105 pasj\u0105, zatem z przyjemno\u015bci\u0105 i spor\u0105 cz\u0119stotliwo\u015bci\u0105 rozwijam si\u0119 uczestnicz\u0105c w r\u00f3\u017cnych szkoleniach i konferencjach. Obecnie jestem w trakcie pi\u0119cioletniego kursu psychoterapii w nurcie integracyjnym z psychodram\u0105, akredytowanego przez Polskie Towarzystwo Psychiatryczne. Uko\u0144czy\u0142am Studium Dialogu Motywuj\u0105cego w Polskim Towarzystwie Dialogu Motywuj\u0105cego. Mam uprawnienia do prowadzenia programu CANDIS, kt\u00f3ry jest metod\u0105 terapii przeznaczon\u0105 dla os\u00f3b uzale\u017cnionych od marihuany i innych produkt\u00f3w konopi. W swojej praktyce stosuj\u0119 tak\u017ce prac\u0119 ze snem oraz elementy psychodramy. Bliska jest mi praca metafor\u0105 i bajkoterapia.<br><br><\/p>\n\n\n<p><!--EndFragment--><\/p>\n<p><\/p>","protected":false},"excerpt":{"rendered":"<p>Nazywam si\u0119 Agnieszka Pilecka i&#8230; &#8230;z wykszta\u0142cenia jestem magistr\u0105 pedagogiki resocjalizacyjnej, certyfikowan\u0105 specjalistk\u0105 psychoterapii uzale\u017cnie\u0144 i psychoterapeutk\u0105 w nurcie integracyjnym w trakcie szkolenia. Moje kwalifikacje potwierdzone s\u0105 stosownymi dokumentami oraz podparte praktyk\u0105 zawodow\u0105. Regularnie korzystam z superwizji. Pracuj\u0119 jako psychoterapeutka&#8230;<\/p>\n","protected":false},"author":1,"featured_media":551,"parent":0,"menu_order":0,"comment_status":"closed","ping_status":"closed","template":"","meta":[],"_links":{"self":[{"href":"http:\/\/ambiwalencja.pl\/blog\/wp-json\/wp\/v2\/pages\/534"}],"collection":[{"href":"http:\/\/ambiwalencja.pl\/blog\/wp-json\/wp\/v2\/pages"}],"about":[{"href":"http:\/\/ambiwalencja.pl\/blog\/wp-json\/wp\/v2\/types\/page"}],"author":[{"embeddable":true,"href":"http:\/\/ambiwalencja.pl\/blog\/wp-json\/wp\/v2\/users\/1"}],"replies":[{"embeddable":true,"href":"http:\/\/ambiwalencja.pl\/blog\/wp-json\/wp\/v2\/comments?post=534"}],"version-history":[{"count":4,"href":"http:\/\/ambiwalencja.pl\/blog\/wp-json\/wp\/v2\/pages\/534\/revisions"}],"predecessor-version":[{"id":1349,"href":"http:\/\/ambiwalencja.pl\/blog\/wp-json\/wp\/v2\/pages\/534\/revisions\/1349"}],"wp:featuredmedia":[{"embeddable":true,"href":"http:\/\/ambiwalencja.pl\/blog\/wp-json\/wp\/v2\/media\/551"}],"wp:attachment":[{"href":"http:\/\/ambiwalencja.pl\/blog\/wp-json\/wp\/v2\/media?parent=534"}],"curies":[{"name":"wp","href":"https:\/\/api.w.org\/{rel}","templated":true}]}}

<p>
<!--StartFragment--></p>


<p>Nazywam się Agnieszka Pilecka i&#8230;</p>



<figure class="wp-block-image"><img loading="lazy" width="1024" height="768" src="http://ambiwalencja.pl/blog/wp-content/uploads/2022/04/61539154_2625532630807876_3988208469588049920_n-1024x768.jpg" alt="" class="wp-image-551" srcset="http://ambiwalencja.pl/blog/wp-content/uploads/2022/04/61539154_2625532630807876_3988208469588049920_n-1024x768.jpg 1024w, http://ambiwalencja.pl/blog/wp-content/uploads/2022/04/61539154_2625532630807876_3988208469588049920_n-300x225.jpg 300w, http://ambiwalencja.pl/blog/wp-content/uploads/2022/04/61539154_2625532630807876_3988208469588049920_n-768x576.jpg 768w, http://ambiwalencja.pl/blog/wp-content/uploads/2022/04/61539154_2625532630807876_3988208469588049920_n.jpg 1440w" sizes="(max-width: 1024px) 100vw, 1024px" /></figure>



<p>&#8230;z wykształcenia jestem magistrą pedagogiki resocjalizacyjnej, certyfikowaną specjalistką psychoterapii uzależnień i psychoterapeutką w nurcie integracyjnym w trakcie szkolenia. Moje kwalifikacje potwierdzone są stosownymi dokumentami oraz podparte praktyką zawodową. Regularnie korzystam z superwizji.</p>



<p>Pracuję jako <strong>psychoterapeutka z osobami uzależnionymi od substancji</strong><br><strong>i/ lub behawioralnie, a także z ich bliskimi</strong>. Od 2016 roku jestem związana z Ośrodkiem Profilaktyki i Terapii Uzależnień w Gdyni. Na przestrzeni lat doświadczenie zawodowe zdobywałam także przy okazji praktyk na oddziale terapii uzależnienia od alkoholu w Wojewódzkim Szpitalu Psychiatrycznym im. prof. Tadeusza Bilikiewicza w Gdańsku, na stażach klinicznych w Centrum Leczenia Uzależnień &#8222;FAMILIA&#8221; w Gliwicach i Młodzieżowym Ośrodku Terapeutycznym &#8222;Mrowisko&#8221; w Sopocie. Pracowałam także w Monarze &#8211; Ośrodku Leczenia, Terapii i Rehabilitacji Uzależnień dla Dzieci i Młodzieży w Gdańsku. </p>



<p>Moja praca jest także moją pasją, zatem z przyjemnością i sporą częstotliwością rozwijam się uczestnicząc w różnych szkoleniach i konferencjach. Obecnie jestem w trakcie pięcioletniego kursu psychoterapii w nurcie integracyjnym z psychodramą, akredytowanego przez Polskie Towarzystwo Psychiatryczne. Ukończyłam Studium Dialogu Motywującego w Polskim Towarzystwie Dialogu Motywującego. Mam uprawnienia do prowadzenia programu CANDIS, który jest metodą terapii przeznaczoną dla osób uzależnionych od marihuany i innych produktów konopi. W swojej praktyce stosuję także pracę ze snem oraz elementy psychodramy. Bliska jest mi praca metaforą i bajkoterapia.<br><br></p>


<p><!--EndFragment--></p>
<p></p>

<p>Nazywam się Agnieszka Pilecka i&#8230; &#8230;z wykształcenia jestem magistrą pedagogiki resocjalizacyjnej, certyfikowaną specjalistką psychoterapii uzależnień i psychoterapeutką w nurcie integracyjnym w trakcie szkolenia. Moje kwalifikacje potwierdzone są stosownymi dokumentami oraz podparte praktyką zawodową. Regularnie korzystam z superwizji. Pracuję jako psychoterapeutka&#8230;</p>
